ghest common divisor of 187 and 17663.
17
Calculate the highest common factor of 333925 and 50.
25
What is the greatest common factor of 192489 and 44?
11
What is the greatest common divisor of 1444 and 513?
19
Calculate the highest common factor of 40 and 1337.
1
Calculate the greatest common factor of 12240 and 89280.
720
What is the greatest common factor of 3420 and 650180?
380
What is the greatest common divisor of 129 and 85742?
43
What is the greatest common divisor of 945 and 840?
105
What is the greatest common factor of 187 and 1651?
1
Calculate the highest common factor of 60106 and 656.
82
What is the greatest common factor of 808 and 621857?
101
What is the greatest common factor of 2660503 and 201?
67
What is the greatest common factor of 51074 and 2?
2
What is the greatest common factor of 39 and 18577?
13
Calculate the highest common factor of 7 and 24143.
7
Calculate the highest common divisor of 5459 and 2369.
103
Calculate the highest common divisor of 444015 and 2376.
297
What is the highest common divisor of 3888 and 12393?
243
Calculate the highest common divisor of 189 and 6602526.
189
Calculate the greatest common divisor of 1215 and 40149.
27
Calculate the highest common divisor of 51430 and 16021.
37
Calculate the highest common divisor of 992976 and 151.
151
What is the highest common divisor of 43080 and 7410?
30
Calculate the highest common factor of 16685 and 497.
71
Calculate the greatest common divisor of 48440 and 6020.
140
What is the highest common divisor of 19297 and 230?
23
Calculate the greatest common factor of 11707 and 33085.
509
Calculate the highest common factor of 2535 and 29445.
195
Calculate the highest common factor of 410931 and 207.
9
Calculate the greatest common factor of 770 and 286055.
385
Calculate the highest common divisor of 350375 and 125.
125
What is the highest common divisor of 482831 and 235?
47
What is the greatest common divisor of 228671 and 268?
67
Calculate the greatest common divisor of 207993 and 19.
19
Calculate the greatest common divisor of 329441 and 38.
19
What is the highest common divisor of 35 and 464443?
7
Calculate the highest common divisor of 8 and 140356.
4
Calculate the greatest common divisor of 25227 and 342.
9
What is the greatest common divisor of 18037 and 153?
17
Calculate the greatest common factor of 1488 and 8370.
186
What is the highest common divisor of 39535 and 35?
5
What is the highest common factor of 20 and 6711710?
10
What is the highest common factor of 189 and 283257?
27
What is the highest common divisor of 960 and 5689920?
960
Calculate the highest common divisor of 566370 and 3150.
630
What is the highest common divisor of 383180 and 40?
20
Calculate the greatest common divisor of 31540 and 15604.
332
What is the greatest common divisor of 344619 and 369?
9
What is the highest common factor of 165974 and 248?
62
What is the greatest common divisor of 8376 and 1272?
24
What is the highest common factor of 392704 and 8437?
767
What is the greatest common divisor of 7675105 and 1229?
1229
Calculate the greatest common factor of 12 and 33090.
6
What is the greatest common divisor of 242678 and 710?
142
What is the highest common divisor of 67718 and 1302?
14
What is the highest common factor of 572 and 5096?
52
Calculate the greatest common factor of 13020 and 96.
12
Calculate the greatest common factor of 46475 and 4862.
143
What is the highest common factor of 56 and 60550?
14
Calculate the greatest common divisor of 162 and 212031.
27
What is the highest common factor of 25 and 97975?
25
Calculate the highest common divisor of 141313 and 2815.
563
What is the highest common factor of 2616 and 54?
6
What is the highest common divisor of 3668 and 92372?
28
What is the highest common divisor of 6426 and 3834?
54
What is the highest common divisor of 22 and 82852?
22
Calculate the greatest common divisor of 27 and 2108133.
27
Calculate the highest common factor of 852 and 2004756.
852
What is the greatest common factor of 8096 and 9361?
253
Calculate the greatest common divisor of 173 and 156911.
173
What is the highest common factor of 2541 and 385?
77
Calculate the greatest common factor of 13 and 718523.
13
Calculate the highest common divisor of 286448 and 16.
16
What is the highest common factor of 2962671 and 291?
291
What is the highest common factor of 24 and 460296?
24
Calculate the highest common factor of 47 and 98653.
47
What is the highest common factor of 40825 and 184?
23
What is the greatest common factor of 192147 and 38?
19
What is the highest common divisor of 978 and 3021?
3
Calculate the greatest common divisor of 126 and 260274.
42
What is the highest common factor of 12528 and 130896?
432
What is the greatest common divisor of 280 and 2286305?
35
Calculate the highest common divisor of 4185 and 49755.
465
Calculate the greatest common divisor of 99990 and 9.
9
Calculate the greatest common factor of 454 and 58.
2
What is the greatest common divisor of 355281 and 3496?
437
What is the highest common factor of 17072 and 22?
22
Calculate the highest common divisor of 6729650 and 75.
25
Calculate the highest common divisor of 24 and 489.
3
Calculate the greatest common factor of 14 and 147182.
14
What is the greatest common factor of 2004 and 50935?
167
What is the highest common factor of 222119 and 5710?
571
Calculate the greatest common factor of 6251 and 7315.
133
What is the greatest common factor of 399 and 34377?
21
What is the greatest common factor of 1201101 and 102?
51
Calculate the greatest common factor of 94672 and 732.
244
Calculate the greatest common factor of 4740 and 5695900.
1580
What is the greatest common divisor of 202315 and 15?
5
Calculate the highest common divisor of 131 and 218377.
131
What is the highest common factor of 5194 and 14?
14
What is the highest common divisor of 235400 and 50?
50
What is the highest common divisor of 40 and 32980?
20
Calculate the greatest common factor of 1199 and 68670.
109
Calculate the greatest common divisor of 448 and 126994.
14
What is the greatest common factor of 563090 and 110?
110
What is the highest common factor of 2078714 and 418?
418
Calculate the greatest common factor of 4581 and 12.
3
Calculate the greatest common divisor of 301 and 161035.
301
Calculate the highest common factor of 20772 and 396.
36
What is the highest common divisor of 1680 and 66990?
210
What is the highest common factor of 82303 and 9126?
169
Calculate the greatest common factor of 975 and 1053.
39
Calculate the highest common factor of 2380 and 59024.
476
What is the greatest common factor of 488273 and 1639?
149
Calculate the greatest common divisor of 72 and 683712.
72
Calculate the highest common factor of 14718 and 264.
66
Calculate the greatest common divisor of 2898 and 2151282.
966
Calculate the highest common factor of 7396 and 1.
1
What is the greatest common divisor of 8642 and 6854?
298
What is the greatest common factor of 2332 and 11440?
44
What is the highest common divisor of 760 and 16910?
190
Calculate the highest common divisor of 210973 and 259.
7
Calculate the highest common factor of 198 and 1599354.
18
What is the greatest common divisor of 393 and 163619?
131
Calculate the greatest common factor of 253167 and 3.
3
What is the highest common divisor of 3570288 and 48?
48
Calculate the greatest common divisor of 4891 and 122409.
67
What is the highest common divisor of 263160 and 153?
153
What is the highest common divisor of 130 and 149552?
26
What is the highest common divisor of 28 and 17402?
14
Calculate the highest common divisor of 17160 and 39.
39
Calculate the greatest common divisor of 310268 and 4.
4
Calculate the highest common factor of 618 and 13422.
6
Calculate the highest common factor of 2576 and 753641.
161
Calculate the highest common factor of 166508 and 4.
4
What is the highest common divisor of 2725 and 44145?
545
Calculate the highest common factor of 7069993 and 161.
161
Calculate the greatest common factor of 436840 and 67.
67
Calculate the highest common factor of 64140 and 90.
30
Calculate the highest common divisor of 50 and 30425.
25
What is the greatest common divisor of 37 and 712361?
37
What is the highest common divisor o